30
Calculate the highest common factor of 5577 and 330.
33
Calculate the highest common divisor of 1020 and 816.
204
Calculate the greatest common divisor of 32 and 39328.
32
What is the greatest common factor of 1628 and 220?
44
Calculate the greatest common divisor of 30 and 70.
10
What is the greatest common divisor of 11 and 719?
1
What is the greatest common factor of 2296 and 168?
56
What is the highest common divisor of 8368 and 48?
16
What is the highest common factor of 140 and 98?
14
What is the greatest common factor of 63 and 303?
3
What is the greatest common divisor of 232 and 4118?
58
What is the greatest common factor of 30400 and 19?
19
Calculate the greatest common factor of 6 and 726.
6
Calculate the highest common factor of 256 and 68.
4
Calculate the highest common factor of 3712 and 192.
64
Calculate the greatest common factor of 2 and 1730.
2
Calculate the greatest common divisor of 7 and 3.
1
What is the greatest common factor of 378 and 5103?
189
Calculate the highest common divisor of 1521 and 9.
9
Calculate the highest common divisor of 49 and 49.
49
What is the greatest common factor of 28 and 12?
4
Calculate the highest common divisor of 28 and 98.
14
Calculate the highest common factor of 459 and 85.
17
Calculate the highest common factor of 448 and 1288.
56
What is the highest common divisor of 105 and 336?
21
Calculate the highest common divisor of 159 and 63.
3
Calculate the highest common factor of 184 and 984.
8
What is the highest common factor of 4125 and 33?
33
Calculate the highest common factor of 2 and 16.
2
Calculate the highest common factor of 658 and 846.
94
What is the greatest common factor of 39 and 429?
39
Calculate the highest common factor of 729 and 45.
9
Calculate the highest common factor of 570 and 30.
30
Calculate the highest common factor of 11 and 20.
1
What is the greatest common divisor of 28 and 238?
14
What is the greatest common factor of 42 and 7910?
14
What is the greatest common factor of 33 and 528?
33
What is the greatest common divisor of 14 and 86?
2
What is the greatest common factor of 45 and 27?
9
What is the greatest common factor of 112 and 392?
56
Calculate the greatest common divisor of 2400 and 350.
50
What is the highest common divisor of 90 and 50?
10
What is the highest common factor of 544 and 17?
17
What is the highest common factor of 22 and 9427?
11
What is the highest common divisor of 348 and 12?
12
What is the highest common factor of 5339 and 19?
19
Calculate the greatest common factor of 7898 and 22.
22
What is the greatest common divisor of 703 and 4588?
37
What is the greatest common divisor of 1 and 113?
1
What is the highest common factor of 13952 and 384?
128
Calculate the highest common factor of 378 and 423.
9
Calculate the highest common factor of 1932 and 184.
92
Calculate the greatest common factor of 109 and 1199.
109
Calculate the greatest common factor of 150 and 20.
10
Calculate the highest common factor of 3060 and 72.
36
What is the highest common divisor of 128 and 544?
32
What is the greatest common divisor of 429 and 132?
33
Calculate the highest common divisor of 665 and 95.
95
Calculate the greatest common divisor of 44 and 748.
44
What is the highest common factor of 4 and 2?
2
Calculate the greatest common factor of 1168 and 438.
146
What is the highest common divisor of 35 and 45?
5
What is the highest common divisor of 1768 and 78?
26
What is the greatest common divisor of 230 and 40?
10
Calculate the greatest common factor of 1644 and 48.
12
What is the greatest common factor of 7 and 19068?
7
What is the greatest common factor of 72 and 252?
36
What is the greatest common factor of 1089 and 153?
9
Calculate the greatest common factor of 165 and 264.
33
What is the highest common divisor of 6 and 57?
3
What is the highest common divisor of 306 and 36?
18
Calculate the greatest common divisor of 78 and 12714.
78
Calculate the highest common divisor of 400 and 10300.
100
Calculate the greatest common factor of 261 and 54.
9
Calculate the greatest common divisor of 658 and 14.
14
What is the highest common divisor of 903 and 21?
21
What is the greatest common factor of 56 and 8?
8
Calculate the greatest common divisor of 2884 and 84.
28
What is the highest common divisor of 222 and 6?
6
What is the highest common divisor of 9275 and 159?
53
What is the greatest common divisor of 72 and 90?
18
What is the greatest common factor of 68 and 1054?
34
What is the greatest common factor of 480 and 30?
30
Calculate the greatest common divisor of 824 and 2266.
206
What is the highest common divisor of 54 and 6?
6
Calculate the highest common factor of 125 and 50.
25
Calculate the greatest common divisor of 18 and 342.
18
What is the highest common factor of 48 and 372?
12
Calculate the highest common divisor of 26 and 1703.
13
Calculate the greatest common divisor of 58101 and 181.
181
Calculate the greatest common factor of 12 and 1326.
6
What is the greatest common factor of 19346 and 68?
34
What is the greatest common divisor of 297 and 11?
11
Calculate the greatest common divisor of 205 and 40.
5
Calculate the highest common factor of 492 and 20.
4
What is the highest common factor of 95 and 15485?
95
Calculate the greatest common divisor of 68 and 476.
68
What is the highest common factor of 48 and 552?
24
What is the greatest common divisor of 36 and 873?
9
What is the greatest common divisor of 16 and 152?
8
Calculate the highest common factor of 47 and 1269.
47
Calculate the greatest common factor of 1 and 8123.
1
What is the greatest common divisor of 742 and 14?
14
Calculate the highest common divisor of 7455 and 105.
105
What is the greatest common divisor of 14 and 162?
2
Calculate the highest common divisor of 280 and 5530.
70
Calculate the highest common divisor of 60 and 128.
4
What is the greatest common divisor of 3384 and 252?
36
Calculate the greatest common divisor of 780 and 54210.
390
Calculate the highest common factor of 148 and 15133.
37
What is the highest common divisor of 1848 and 5236?
308
What is the highest common divisor of 407 and 1287?
11
Calculate the highest common divisor of 625 and 2.
1
What is the highest common divisor of 28640 and 80?
80
Calculate the greatest common factor of 159 and 848.
53
What is the greatest common factor of 5728 and 32?
32
Calculate the highest common divisor of 11 and 187.
11
Calculate the greatest common factor of 2895 and 30.
15
What is the highest common factor of 2132 and 52?
52
What is the highest common divisor of 264 and 168?
24
Calculate the greatest common factor of 39 and 2509.
13
Calculate the greatest common divisor of 58 and 2987.
29
What is the greatest common factor of 48 and 948?
12
Calculate the highest common factor of 45 and 1152.
9
Calculate the highest common divisor of 228 and 1539.
57
Calculate the highest common divisor of 840 and 40.
40
What is the highest common factor of 21 and 3?
3
What is the greatest common divisor of 98 and 3822?
98
What is the highest common divisor of 580 and 1885?
145
Calculate the greatest common factor of 49 and 46844.
49
What is the highest common divisor of 785 and 15857?
157
What is the greatest common divisor of 64 and 23248?
16
Calculate the highest common factor of 154 and 1166.
22
What is the greatest common divisor of 16 and 8?
8
Calculate the highest common divisor of 1711 and 116.
29
What is the greatest common divisor of 7520 and 10?
10
Calculate the greatest common factor of 26 and 299.
13
Calculate the greatest common divisor of 671 and 99.
11
Calculate the greatest common factor of 1974 and 42.
42
What is the highest common divisor of 3165 and 15?
15
Calculate the greatest common divisor of 343 and 98.
49
Calculate the highest common divisor of 1864 and 4.
4
What is the highest common divisor of 549 and 99?
9
Calculate the highest common factor of 112 and 259.
7
Calculate the greatest common divisor of 182 and 26.
26
What is the highest common divisor of 42 and 112?
14
What is the greatest common divisor of 800 and 704?
32
What is the highest common factor of 4845 and 68?
17
What is the greatest common factor of 354 and 13983?
177
What is the greatest common factor of 135 and 3105?
135
Calculate the greates